 remainder when (-2)/(-5) - 4428/(-30) is divided by 15?
13
Let i be 203 - ((-1)/1 + 4). Suppose -4*c - 32 = -i. Let h = c - 23. What is the remainder when h is divided by 7?
5
Let i be 4/(2 + 0) + 0. Let t(w) = w + 5 + w**i + 0 + 0*w + w**3. Calculate the remainder when 9 is divided by t(0).
4
Suppose 3*b + 0*b - 306 = 0. What is the remainder when b is divided by 26?
24
Let j(c) = -c**3 - 9*c**2 - 4*c - 1. Let g be j(-9). What is the remainder when (-208)/(-7) - (-10)/g is divided by 2/(-7) + (-114)/(-7)?
14
Suppose -5 = -5*c + 10. Suppose -v + 25 = c*y, -3*y + 0*y + 73 = 4*v. What is the remainder when 61 is divided by v?
13
Suppose 4*f + 30 = 86. Let p be f/4 + (-2)/(-4). Let b = p + 4. What is the remainder when b is divided by 3?
2
Suppose -8*f = -3*f - 65. What is the remainder when f is divided by 5?
3
Let g(x) = -x**2 - 7*x - 3. Let w(n) be the third derivative of -n**4/6 - 2*n**3/3 - 2*n**2. Calculate the remainder when w(-4) is divided by g(-5).
5
Let y be -2*(-3 - 18/4). Suppose n - 3 - 12 = -5*m, n - y = -m. Calculate the remainder when 43 is divided by n.
13
Let o(l) = -l**3 + 3*l**2 + 6*l - 6. What is the remainder when o(3) is divided by 5?
2
Let r(o) be the first derivative of -4*o**2 + 6*o + 1. Calculate the remainder when r(-8) is divided by 18.
16
Let n(j) = -j - 5. Let t be n(-7). Let b be 9/6 + 3/6. Suppose -t*a = -20 - b. Calculate the remainder when 21 is divided by a.
10
Suppose 2*h - 10*h = -120. What is the remainder when 57 is divided by h?
12
Suppose 4*p - 4*v - 44 = 0, 5*p = 5*v - v + 58. Suppose p = 6*n - 4*n. What is the remainder when n is divided by 3?
1
Let b(s) = 20*s - 1. What is the remainder when b(1) is divided by 11?
8
Suppose 0 = 2*p + p - 9. Suppose -4*w + 35 = 5*h - 5, 5*h - 35 = -3*w. Suppose -p*f - w = -20. What is the remainder when 18 is divided by f?
3
Let k = 44 - 35. Calculate the remainder when k is divided by 5.
4
Let l be 2/7 + 99/21. Suppose m = 4*w - 59, -l*m = -0*w - w - 9. What is the remainder when 31 is divided by w?
15
Suppose -2*c + 186 = c. Let r = c - 34. Calculate the remainder when r is divided by 15.
13
Let y be (4 - 3)*11 + -3. Let l = 2 + y. What is the remainder when 38 is divided by l?
8
Let l(v) = v - 5. Suppose -15 - 6 = -3*u. Let b be l(u). Suppose -2*d - 38 = -b*t, 0 = 4*d + 7 - 3. What is the remainder when 51 is divided by t?
15
Suppose -p = -0*p - 4. Let c(r) = -2 + 4*r - 3 + 0*r. What is the remainder when c(4) is divided by p?
3
Suppose 0 = 5*d - w - 130 - 385, 2*d + w = 206. What is the remainder when d is divided by 15?
13
Let j(l) = 17*l + 2. Calculate the remainder when j(3) is divided by 4/(-14) - (-512)/28.
17
Let u = -10 + 549. Suppose 5*d = 3*v + d - u, v - 189 = -d. Suppose v = -n + 6*n. What is the remainder when n is divided by 19?
18
Let o(k) = -k + 7. Let b be -4 + 2 - (9 + -1). Calculate the remainder when 49 is divided by o(b).
15
Let f = 14 + -12. Suppose 0 = -3*p + 2*b + 11, -6*p + 19 = -3*p + f*b. Calculate the remainder when 9 is divided by p.
4
Let u = 15 + -3. Let h = u + -4. Suppose g - 8 - 6 = -d, 0 = -2*g - d + 29. Calculate the remainder when g is divided by h.
7
Let b(l) = 2*l**2 - 3*l + 3. Let f be b(2). Suppose 2*c + 12 = -c, -g + 34 = -f*c. Calculate the remainder when 41 is divided by g.
13
Let w(r) = r**2 - 3*r - 1. Let s be w(4). Let p(h) = h**3 - h**2 + 3. What is the remainder when p(s) is divided by 11?
10
Suppose w = -3*w + 3*t + 170, 2*t - 160 = -4*w. What is the remainder when w is divided by 14?
13
Suppose 111 = 3*p + 6*x - 3*x, -3*p + 5*x = -71. Calculate the remainder when 122 is divided by p.
26
Suppose -43 + 262 = 3*t. Calculate the remainder when t is divided by 3 + 8/(-2) + 20.
16
Let k = 109 - 98. Calculate the remainder when 21 is divided by k.
10
Let c be 18/27 + 112/(-6). Let n = c + 26. What is the remainder when n is divided by (-22)/(-6) + (-4)/6?
2
Suppose -205 + 15 = -5*u. Calculate the remainder when u is divided by (-76)/(-6) + (-5)/(-15).
12
Suppose -2*d + 18 + 40 = 0. Let p = 5 + -4. Suppose 2*b + 4 = h, -5*b - p = -2*h + 4. Calculate the remainder when d is divided by h.
9
Suppose 0*w - 3 = 3*w, -2*w = 2*t - 14. Calculate the remainder when t is divided by 7.
1
Let c be (-2)/3 - (-76)/6. Suppose -4*i = 3*h - 164, 5*h = -5*i + 222 - c. Calculate the remainder when i is divided by -1 + 3 + (-11 - -22).
12
Let s = 18 + -6. Suppose 0*a - 175 = -5*a. What is the remainder when a is divided by s?
11
Let l(s) = -2*s**2 + 2*s - 1. Let k be l(2). What is the remainder when (4/10)/(k/(-525)) is divided by 15?
12
Suppose -5*l - 33 = -l - f, f - 42 = 5*l. Let r(m) = m**3 + 10*m**2 + 8*m - 7. Let w be r(l). Calculate the remainder when 15/2 - w/(-4) is divided by 3.
2
Let w(b) = b**3 + 7*b**2 - 20. Calculate the remainder when 33 is divided by w(-5).
3
Suppose -5*k = 238 - 728. Calculate the remainder when k is divided by 11.
10
Let s(j) = j**3 - 9*j**2 + 10*j - 1. What is the remainder when 0 - 0 - 59/(-1) is divided by s(8)?
14
Suppose -4*b - a + 199 = 0, 3*b + 3*a - 205 = -b. Let p = b - 20. Calculate the remainder when p is divided by 15.
14
Let o(y) = 6*y**3 - y**2 - 5*y + 5. What is the remainder when o(2) is divided by 20?
19
Suppose 4*o + 2*k - 156 = 0, o = 3*o + 5*k - 70. Suppose -2*f = x - 19, -5*f + 4*x = -x - o. What is the remainder when 35 is divided by f?
8
Calculate the remainder when 48 is divided by (-16)/(-2) + (1 - 0).
3
Let a(k) = 2*k**2 + 6. What is the remainder when a(6) is divided by 16?
14
Let l = 34 + -20. Calculate the remainder when l is divided by 6.
2
Let m = -1 - -7. What is the remainder when (-16)/6*363/(-44) is divided by m?
4
Suppose 0 = -4*n - 5*m + 2, 3*n + n + m = 10. Suppose -4*b - 97 = -0*k + 5*k, n*b = -5*k - 74. Let g = 40 + b. Calculate the remainder when 65 is divided by g.
14
Suppose 0 = 5*i - 4*s - 76, 3*s - 6*s - 12 = 0. Suppose -3*k + 15 = 3*u, 2*k - 5*u = 10 + 14. What is the remainder when i is divided by k?
5
Suppose -9*y + 244 = -5*y. Calculate the remainder when y is divided by 16.
13
Let l be (-1 - 1) + (2 - -5). Suppose -2*a + 1 = -l. Calculate the remainder when 8 is divided by a.
2
Suppose -f + 6*f - 10 = 0. Let x = 6 + -1. What is the remainder when x is divided by f?
1
Suppose 5*j = 4 + 1. Suppose 5*s = -12 + 22. What is the remainder when s is divided by j?
0
Suppose -14*a = -363 - 435. Calculate the remainder when 111 is divided by a.
54
Let b(r) = -2*r + 22. What is the remainder when b(-9) is divided by 14?
12
Let v = 2 + 9. Calculate the remainder when 29 is divided by v.
7
Suppose 2*k = -2*k + 16. Let m(n) = -n + 14. What is the remainder when m(0) is divided by k?
2
Let i = 122 + -40. Calculate the remainder when i is divided by 43.
39
Let u(v) = 2*v + 37. Suppose 0 = m - 2*g - 58 - 45, -5*g = 5*m - 485. What is the remainder when m is divided by u(-6)?
24
Suppose 0 = 3*f - 3*p - 141, 5*f - 2*p - 225 = -7*p. Let k be (-1)/(-3) - (-58)/(-3). Let x = k + 35. What is the remainder when f is divided by x?
14
Suppose 3*n + 3*r - 159 = -0*n, -5*r + 212 = 4*n. What is the remainder when n is divided by 28?
25
Calculate the remainder when 12*(425/(-20))/(-5) is divided by 6.
3
Suppose -2*d = -0 - 8. Suppose -4*k = 4 + d. What is the remainder when 34 is divided by (1 - 1)/k - -12?
10
Suppose 3 = g - 5*h, -7 = -2*g + 4*h + 11. Calculate the remainder when g is divided by 7.
6
Suppose 0 = o + 33 - 148. Suppose 0 = 3*y + 6*x - 4*x - o, 3*x = 15. Calculate the remainder when y is divided by 12.
11
Let s(k) = k**2 + 4*k + 6. Let z = -11 + 5. What is the remainder when 34 is divided by s(z)?
16
Let m(d) = -2*d**2 - 52*d + 54. What is the remainder when m(-26) is divided by 5?
4
Let u(p) be the third derivative of -13*p**4/12 - p**3/6 + p**2. What is the remainder when u(-1) is divided by 13?
12
Let c = -3 - -18. Let k(r) = -13*r - 6. What is the remainder when k(-5) is divided by c?
14
Suppose -b - 19 = j - 0*b, -5*b - 5 = -j. Let s = j + 78. Calculate the remainder when s is divided by 11.
8
Let j(q) = 2*q**2 + 2*q**3 - q**3 - 11*q + 8 - 11*q**2. Let u be j(10). Calculate the remainder when 52 is divided by (1/1)/(u/(-36)).
16
Suppose 2*t = 5*z + 26, 0*z - t + 15 = -3*z. Let d = -2 - z. Suppose -d*f = 4*x - 48, -4*x - f = -3*x - 11. What is the remainder when 25